 - 10. Let l(h) = -3*h**2 - 13*h + 11. Let z(t) = 3*l(t) + 4*r(t). Is z(o) prime?
False
Suppose -94*q - 657267 = -2402807 - 6309414. Is q a composite number?
False
Let z(l) = -165*l - 109*l - 103*l + 63 - 148*l + 67*l. Is z(-13) prime?
False
Let v = -182676 + 306245. Is v composite?
True
Let w(b) = b**3 + 4*b**2 + 3*b + 42. Let v be w(-5). Let f(p) = 1252*p**3 - 3*p**2 + 3. Is f(v) composite?
False
Let s = -148 + 154. Is (-613)/2*(-1)/(s/12) composite?
False
Let f(k) = -98*k**2 - 1. Let x(c) = c**2 + c - 1. Let z(a) = f(a) - 4*x(a). Let j be z(5). Let u = j - -7428. Is u composite?
False
Let t(r) = 447*r**2 + 693*r + 43. Is t(-16) a composite number?
False
Let x(z) = 7*z + 13*z**2 + 94*z**2 - 3 - 27*z**2 + 3*z - 9*z. Suppose -7 + 22 = 5*i, -y - 3*i = -11. Is x(y) a prime number?
False
Let v(f) = 68*f**3 + 4*f**2 + 2*f - 6. Let s be v(3). Is s/21 + 7/(-49) composite?
False
Suppose j - 868 - 567 = 0. Let b = j - -2508. Is b a prime number?
True
Let p(r) = -9586*r + 58. Let a be p(-4). Let q = 265 + a. Is q prime?
False
Let b = -972517 + 1560630. Is b a prime number?
True
Let d(l) = 28981*l + 6827. Is d(14) a prime number?
True
Let h(g) = g**2 + 4*g - 15. Let c be h(-11). Let i = c + 1451. Is i a prime number?
False
Let d(f) = 5531*f**2 + 100*f + 37. Is d(-6) a composite number?
False
Let z(a) = 48*a**2 - 6*a - 13 + 40*a**2 - 87*a**2 + a**3. Let g = -20 + 29. Is z(g) composite?
False
Let v = -330 - -344. Is ((430269/v)/(-7))/(1/(-2)) composite?
True
Is 5/((-30)/17364)*(3 - 438/12) prime?
False
Suppose -3*r + 5*r = 0. Suppose r = 4*b + 4*u - 40, -3*b - 4*u + 45 - 10 = 0. Suppose -3*m = -2*q - 531, -b*m - 73 + 953 = -5*q. Is m prime?
True
Suppose 10*d - 41 = 5*d - 2*q, q + 25 = 4*d. Let u(f) = 214*f + 63. Is u(d) a composite number?
True
Suppose -6*p + 338 = 7*p. Is (24 - p) + (-1322)/(-2) a composite number?
False
Let z(p) = 337294*p**2 + 12*p - 3. Is z(1) a composite number?
True
Let i(f) = -5*f**2 - 3*f - 10. Let v be i(-3). Let n = 32 + v. Is n/2 - -3 - -915 a composite number?
False
Let d = 6285 - 5704. Is d a composite number?
True
Let y be -6 + (2/11 - (-70)/(-22)). Let q(j) = -3*j**3 - 5*j**2 + 7*j + 20. Is q(y) a prime number?
False
Let a be ((-894)/9)/(3/(-9)). Let t be -3*a/15*(-1 + -4). Suppose 4*v - 2*v = t. Is v a prime number?
True
Suppose 3*j = 4*l - j + 8924, -3*j + 8926 = -4*l. Is 17 - l - 4/((-4)/3) a prime number?
False
Let p(j) = -2*j**3 - 4*j - 2. Let y be p(-1). Suppose -2*i + 5 = -5, 4*z = -y*i + 4488. Is z composite?
False
Let m be 11 + (2/7 - (-171)/63). Suppose v - j - m = -2*v, -v = -4*j - 23. Suppose -v*a - 2*s = -699, -3*a + 785 = s + 86. Is a a composite number?
False
Suppose 336*b - 357*b + 126021 = 0. Is b prime?
False
Let z = -14975 - -53142. Is z a composite number?
False
Suppose 11*t - 18148 = -4805. Suppose -k + t = 354. Is k a composite number?
False
Suppose -30*s + 32*s = -5*t - 55, -5*t - 40 = -s. Is ((-362898)/27)/(6/t) prime?
True
Let f(g) = g**3 - 6*g**2 + 2*g - 5. Let z be f(5). Let y = z - -51. Suppose 429 = 4*t - y. Is t a prime number?
False
Let t be ((-48)/36)/((-10)/15). Suppose n + 4 = 3*n. Suppose t*r = 4, n*s - 3*r = -7*r + 2542. Is s a composite number?
True
Let d(i) = 341*i**3 + 5*i**2 - 33*i + 53. Is d(2) a prime number?
False
Suppose 44*s + 1070118 = -28*s + 5031630. Is s prime?
True
Let n be 3 - (2*1 - (35 + -35)). Is ((-49968)/9 + -5)*n/(-1) prime?
True
Suppose 15 = -7*q + 50. Let p(j) = 3*j + 45. Let i be p(-14). Suppose i*a - d - 4192 = -0*a, a - 1424 = -q*d. Is a a prime number?
True
Suppose 4*f + 42 = 2*y, 0*y - 2*f - 84 = -4*y. Let s(n) = 38*n**2 + 24*n + 29. Is s(y) a composite number?
False
Let d(b) = 99*b - 77. Let u = -70 - -62. Let t(x) = -x**3 - 9*x**2 - 13*x - 20. Let f be t(u). Is d(f) composite?
True
Suppose -8*t + 636 - 772 = 0. Is (t/4)/(-3 + 22065/7356) prime?
False
Suppose -11*h + 3344 = -12*h. Let q = h - -6731. Is q composite?
True
Suppose -7*s - 8*s = 10*s - 1992025. Is s composite?
True
Let t be 15*((-6)/21)/((-18)/(-42)). Is (-4)/t + (-103932)/(-20) composite?
False
Let x(m) = 2*m**3 + 4*m + 4. Let o be x(5). Suppose -5*n = -359 + o. Suppose 0 = -12*p + n*p - 14765. Is p a composite number?
False
Let b = 40910 + 98259. Is b a prime number?
True
Let j = -78 + 168. Let x = -17 + 18. Is (x + j - 2)*2 a composite number?
True
Suppose t = -10 + 14. Suppose -1053 = -5*i - n - 256, -2*i - t*n = -326. Is i a prime number?
False
Suppose 18 = -3*x + 30417. Suppose 2665 = 2*n + x. Is n/(3/((-3)/2)) a prime number?
True
Let t = 578233 + -139622. Is t composite?
False
Let g = 17 + -17. Suppose g = 42*z - 41*z - 4037. Is z composite?
True
Suppose -21*g = -83188 - 103565. Is g composite?
False
Let q = -295 - 97. Let l = 171 - q. Suppose v + 4*m = 95, -2*m + l = 5*v + 16. Is v prime?
False
Suppose -687 = 3*i - 2*f, 911 = -0*i - 4*i + f. Let o = 144 - i. Is o a composite number?
True
Let g = -68 - -74. Let j(m) = 2*m**3 + m**2 - 4*m + 7. Is j(g) a prime number?
False
Let w(n) = -36*n + 66*n + 0 - 34*n - 2 + 2*n**2. Is w(6) composite?
True
Let t be -1*(4 + -3) - -11. Suppose 2*j = -t, -2*z - 3*j = -0*z - 1443. Let l = -434 + z. Is l prime?
False
Suppose -62 = -x - 11. Let h = 76 - x. Suppose -h*c = -26*c + 217. Is c a composite number?
True
Suppose -p - 5*x = -15128, -37*p + x - 181595 = -49*p. Is p composite?
True
Let d = 2125637 + -1331310. Is d prime?
True
Is (21 - 260/13)*14246/2 a prime number?
False
Suppose 3*s = -4*k + 31622, 3*k + 7*k + s = 79016. Is k prime?
True
Let y(n) = -n**3 + 4*n**2 + 9*n - 11. Let t be y(5). Is ((-4)/2)/(t/((-30474)/4)) prime?
True
Suppose 0 = -5*v - m + 829969, 5*v - 570623 = -5*m + 259362. Is v a composite number?
True
Is 1 + -3 + (67/2)/(2/11140) a prime number?
False
Let x(v) = -v**2 + 16*v - 43. Let r be x(6). Suppose r*d = 4291 + 10363. Is d a prime number?
False
Let d(c) = c**3 + 7*c**2 - 7. Let f be -14*3/18*3. Let b be d(f). Is -1*(b - -3 - 649) a prime number?
True
Let m = 41088 + -9295. Is m composite?
False
Suppose -5*o - 4*g - 381 = 0, -223 = 3*o + g - 0*g. Let m = -70 - o. Is (-11 + m)/(-2) - (-1 + -1) composite?
True
Is (-88)/(8 - 16) + 18002 a composite number?
False
Let j(u) = u + 1. Let x(h) = 44*h + 19. Let b(i) = 2*j(i) + x(i). Let t be b(5). Suppose -5*m + 74 = -t. Is m composite?
True
Let o = -8832 - -20436. Let j = -8215 + o. Is j composite?
False
Let b(w) = -560*w**3 - w**2 + 2*w + 15. Suppose 1 = x + 7*r - 12*r, 4*x + 20 = -4*r. Is b(x) a prime number?
True
Let i(n) = 0 - 85*n**3 + 81*n**3 - 17 + 33*n - 8*n**2 - 15*n**2. Is i(-11) prime?
True
Let w = 3495 + -2372. Is w/(-2)*(-10 - -8) a composite number?
False
Let j(n) = 7*n**2 - 6*n - 3. Suppose 88*z - 86*z + 34 = 0. Let g = z - -15. Is j(g) prime?
True
Let s = 38 + -34. Let y be (-1)/((9/(-6))/3). Is 3/s*74*y prime?
False
Let z = 31 + -74. Let i = z + 39. Is 0 + (108/(-8)*i - 1) composite?
False
Let h(i) = 4163*i**2 + 78*i - 723. Is h(14) a prime number?
True
Let q be (-608)/(-3 + 21/6). Let j = q - -2015. Is j composite?
True
Suppose -10*y + 13*y - 3*u = 9, y - 5 = 2*u. Let i be 0 - (-3 + 0)*y. Suppose 5*a + i*g - 2248 = 0, a = g + g + 447. Is a a composite number?
False
Suppose -4*j + 10 = 3*f, -4*f - 3*j - 4 = -15. Let v be (2/2)/(1/f + 0). Suppose v*g + 3*r = 370 + 148, 2*g = 5*r + 534. Is g a composite number?
True
Suppose 27*u = 143040 + 106305. Is u composite?
True
Let p(k) = -35*k + 285. Let s be p(8). Let q be (-122)/(1/4*-2). Suppose s*n = -5*r + 2865, -811 + q = -n + 2*r. Is n prime?
True
Suppose w - 2 = -0*w. Suppose w*f - 6*f = -1324. Suppose 4*v - 4*k = -k + f, 5*v = 5*k + 420. Is v a prime number?
True
Suppose -10*r + 1327300 = -5*r - 5*g, -4*r + 5*g = -1061835. Is r a composite number?
True
Let k be (-135)/(-15) - (4 - 0). Suppose -k*o + 31 - 1 = 0. Suppose o*a - 255 = a. Is a composite?
True
Let t(q) = q**2 + q + 2. Let o be t(0). Suppose -o*x - 184 = -4*p, 0*p + 120 = -x - 5*p. Let y = x + 121. Is y a composite number?
True
Let m be (0 - 175/10)*-158. Suppose 0 = 16*w - 99 - m. Is w prime?
True
Let h(g) = g**3 + 22*g**2 - g - 20. Let p be h(-22). Let v(q) = 68*q**2 - 69*q**p + 11 - 16*q - 3*q. Is v(-16) prime?
True
Suppose -663*u - 250977 = -665*u + 5*c, -2*u - 3*c = -250921. Is u composite?
False
Let m be 178 - (-3 + (-1 + 1 - -6)). Let r = m + -124. Is 